uppose 2*k = -4*i + 6, 3*k = -0*k - i + 19. Calculate the remainder when 12 is divided by k.
5
Calculate the remainder when (-11)/2*(-1 - 7) is divided by 9.
8
Let v be ((-3)/6)/(1/(-132)). Suppose -v = x - 3*x. What is the remainder when x is divided by 12?
9
What is the remainder when (38/4 + -3 - 0)*10 is divided by 34?
31
Let u = -2 + 4. Let z = -8 + 24. What is the remainder when u + 0/(-1) - -45 is divided by z?
15
Let l = 19 - 6. Calculate the remainder when 37 is divided by l.
11
Let l be (-7 + 6)/(2/(-212)). Suppose 5*w + 74 = 5*b - l, 4*b + 4*w = 152. What is the remainder when b is divided by 13?
11
Suppose 7*u = 5*a + 3*u - 253, 139 = 3*a + 4*u. Let m(p) = p**3 + 4*p**2 - 8*p - 5. What is the remainder when a is divided by m(-5)?
9
Let v(x) = -x**3 + 14*x**2 - 13*x + 9. Let r(i) = i**3 - 6*i**2 + 7*i - 7. Calculate the remainder when r(6) is divided by v(13).
8
Let s(x) be the first derivative of -2 - 1/3*x**3 + 0*x - 4*x**2. Calculate the remainder when 35 is divided by s(-6).
11
Suppose -590 = -5*i - 2*t, -4*i - 2*t - 20 = -492. What is the remainder when i is divided by 8?
6
Let w = -28 + 35. What is the remainder when w is divided by 6?
1
Suppose -2*n + 121 = p + 35, 172 = 4*n - 2*p. Suppose 0 = -2*i + j + 9 + 22, 3*i - 41 = -4*j. What is the remainder when n is divided by i?
13
Let x = 28 - 49. Calculate the remainder when ((-12)/x)/(10/245) is divided by 8.
6
Let s be (2 - -1) + -1 - -13. Let x = 10 + -16. What is the remainder when 1 is divided by ((-2)/5)/(x/s)?
0
Let o = -6 + 2. Let q = o + 8. Suppose 0 = q*s - s - 12. What is the remainder when 10 is divided by s?
2
Suppose 5*w - 5 = -2*m - 2, w = -3*m - 15. Let x(t) = -3*t + 4. Let c be x(m). Calculate the remainder when 34 is divided by c/2 + -1 + 2.
10
Suppose -2*d = -2*a - 6, 3*d - 3*a - a - 7 = 0. Calculate the remainder when ((-4)/16)/(1/(-52)) is divided by d.
3
Let v(i) = i**3 - 4*i**2 + 3*i + 2. Let n = 8 - 5. Let w(f) = -f**3 + 4*f**2 - 2*f - 2. Calculate the remainder when v(n) is divided by w(3).
0
Let n(f) = -f**3 + 7*f**2 - 6*f + 4. Let x be n(6). Let r(q) = 3*q - 6. What is the remainder when 9 is divided by r(x)?
3
Suppose 3*s - 4*b - 32 = 6*s, 3*b = 5*s + 5. What is the remainder when ((-2)/s)/((-1)/(-46)) is divided by 8?
7
Let d(q) = -q + 12*q**2 - 6*q**2 - 3*q**2. Calculate the remainder when 14 is divided by d(-1).
2
Let b(j) = j - 4. Let c be b(6). Suppose -9 = -s + c. Calculate the remainder when s is divided by 3.
2
Let c = 51 - 46. What is the remainder when c is divided by 1?
0
Suppose 4*d + 44 = 72. Calculate the remainder when d is divided by 7.
0
Suppose -28 = -2*g + 2*k, g + 8 = -5*k + 28. Calculate the remainder when 57 is divided by g.
12
Suppose 2*z - 48 = -2*z. Calculate the remainder when 34 is divided by z.
10
Let y(t) = -3*t + 1. Let j be y(-1). Suppose 5*s - 82 = 3*d - 17, 0 = 4*s - j*d - 60. What is the remainder when s is divided by 6?
4
Let q = -85 + 118. Calculate the remainder when q is divided by 9.
6
Let y(s) = -12*s - 2. Suppose 0*g - 6 = -2*g. Let p = g + -5. What is the remainder when y(p) is divided by 12?
10
Suppose 0 = -0*w - w + 4, 5*q - 5*w = 350. Calculate the remainder when q is divided by 19.
17
Let b be (-3)/(0 - 3) - -3. Suppose 14 = 3*z + 5*f, -5*z = -b*f - f - 50. Calculate the remainder when z is divided by 5.
3
Let i = 10 - 10. Suppose 3*y - 12 = 3*d, 2*d + 3*y + i*y - 17 = 0. What is the remainder when 2 is divided by d?
0
Let v(a) = -13*a - 27. What is the remainder when 21 is divided by v(-3)?
9
Suppose 0 = -8*a + 4*a + 28. What is the remainder when 10 is divided by a?
3
Let z(u) = -u**3 + 4*u**2 - 2*u - 1. Let b be z(3). Suppose 126 = q + b*q. What is the remainder when q is divided by 22?
20
Let l = 7 + -1. What is the remainder when 9 is divided by l?
3
Suppose 34 + 26 = 2*f. Let u = f + 13. What is the remainder when u is divided by 1/((-2)/4*6/(-45))?
13
Let m = 7 - 7. Suppose 2*h + 11 - 27 = m. Calculate the remainder when h is divided by 5.
3
Suppose 4*h - 83 = -3*n, 3*h + 2*h - n - 99 = 0. What is the remainder when h is divided by 7?
6
What is the remainder when (-24 + 1)*(-2)/2*1 is divided by 7?
2
Let o(b) = 2*b**2 + 2*b. Calculate the remainder when 22 is divided by o(-3).
10
Suppose 2*p + 2*r - 16 = -0*p, -5*r = -25. Suppose 0 = -i - p*i + 132. Calculate the remainder when i is divided by 17.
16
Let x(k) = k + 19. Let o be x(-16). Suppose o*y + 2*y = 50. Calculate the remainder when 28 is divided by y.
8
Calculate the remainder when 73 is divided by (-9)/12 - 620/(-16).
35
Let a(z) = -67*z - 8. Calculate the remainder when a(-2) is divided by 33.
27
Suppose -2 = 2*k - 30. Let s(g) = -g - 13. Let w be s(0). Let v = -8 - w. What is the remainder when k is divided by v?
4
Let q(w) = 4*w - 1. Let n = 7 + -6. What is the remainder when 8 is divided by q(n)?
2
Suppose -149 = -3*x + 4*m, 3*x + m + 2*m - 135 = 0. Calculate the remainder when 139 is divided by x.
45
Let f = -6 + 33. Suppose 0*n - 5*n + 530 = 0. What is the remainder when n is divided by f?
25
Suppose -2*l = -87 - 127. What is the remainder when l is divided by 36?
35
What is the remainder when -30*(4/(-3) - 1) is divided by 24?
22
Let j(w) = -w**3 - w**2 + 4*w + 3. Calculate the remainder when j(-5) is divided by 21.
20
Let j be (-6)/(-4)*10/5. Let i(s) = 3*s**2 - s - 2. Calculate the remainder when 64 is divided by i(j).
20
Suppose 25 = 4*d - 27. Calculate the remainder when d is divided by 1/(-4) - 58/(-8).
6
Let b(h) = -2 - 2*h**3 + 4*h**2 + h + 0 - 3*h**2. Let m be b(-2). Let o = m - 11. What is the remainder when o is divided by 3?
2
Let d(k) = -k**3 + 11*k**2 + 3*k - 13. Calculate the remainder when 59 + 2/(-1)*1 is divided by d(11).
17
Let k = -35 + 78. What is the remainder when k is divided by (14/(-6) - -2)*-45?
13
Suppose 3*c - 51 = 87. Suppose 5*y = -5*m + 215, 0 = -3*y + m + 91 + c. What is the remainder when y is divided by 16?
13
Suppose -2*y + 3*y = 5. Calculate the remainder when 2/(16/(-54)*(-6)/8) is divided by y.
4
Let j(l) = -6*l**3 + 2*l + 1. Let w be (-3)/4 - (-1)/(-4). What is the remainder when 2/(-6) + (-104)/(-6) is divided by j(w)?
2
Suppose -5*h + 26*h - 252 = 0. What is the remainder when 57 is divided by h?
9
Let l(q) = -3*q - 20. Calculate the remainder when l(-14) is divided by 6.
4
Calculate the remainder when 65 is divided by ((-34)/(-5))/(14/70).
31
Suppose 0 = -0*w - w. Let f be (w - -1)*1 + 5. Calculate the remainder when 23 is divided by (4 - 1 - 1)*f.
11
Let d = 59 + -42. Let w = 66 + -34. What is the remainder when w is divided by d?
15
Suppose 8*i - 293 - 11 = 0. Let k(a) = -a**3 + 6*a**2 - 4*a + 4. Calculate the remainder when i is divided by k(4).
18
Let w(q) = 18*q - 3. Suppose -2*p + 24 = -2*f, -2*p + 0*p - 2*f = -44. What is the remainder when w(2) is divided by p?
16
Suppose -8*n - 21 = -11*n. What is the remainder when n is divided by ((-2)/1)/(-1) - 0?
1
Suppose -3*m + 2*n + 5 = 0, 4*m - 5*n = -7 + 2. Let p = m + 12. Calculate the remainder when p is divided by 9.
8
Let t(s) = -6 + 5*s - 10 + s + 4. What is the remainder when 366/8 + (-2)/(-8) is divided by t(4)?
10
Let c = -119 - -131. Let s = 49 + -26. What is the remainder when s is divided by c?
11
Suppose -a - 4*a = -175. Suppose -5*o - 4*p + a = 0, -o + 3*p = 6*p + 4. What is the remainder when 20 is divided by o?
9
Let a = -74 - -93. What is the remainder when 90 is divided by a?
14
Let o(w) = -2*w + 13. Calculate the remainder when 74 is divided by o(-6).
24
Let k be (28/(-21))/(2/3). Let c = 1 - k. What is the remainder when 5 is divided by c?
2
Let s = 10 - 4. Let g(v) = v**2 - 7*v - 6. Let a be g(7). Calculate the remainder when s is divided by (-2 - a/(-3))*-1.
2
Let k = 13 + -19. Let o(h) = -h**3 - 5*h**2 + 6*h + 8. Let r be o(k). Suppose v = -v + r. Calculate the remainder when 11 is divided by v.
3
Suppose 2*z - 16 = -3*w - 0*z, 3*w - 18 = -3*z. Suppose -2*q - 8 = -2*i, -2*i = i + q - w. What is the remainder when 41 is divided by i - (-11 + 0 + -1)?
13
Let h(q) be the second derivative of 5*q**2 + 0 - 1/20*q**5 - 7/12*q**4 - q + 0*q**3. Calculate the remainder when h(-7) is divided by 4.
2
Let f = 30 + -17. Suppose 4*r - 7*r = 3*q - 138, r + 209 = 4*q. Calculate the remainder when q is divided by f.
12
Suppose 5*t - 